{"id":17,"date":"2021-03-18T15:29:23","date_gmt":"2021-03-18T15:29:23","guid":{"rendered":"https:\/\/kirche-heilig-geist.de\/?page_id=17"},"modified":"2026-02-06T11:39:04","modified_gmt":"2026-02-06T11:39:04","slug":"gottesdienste","status":"publish","type":"page","link":"https:\/\/kirche-heilig-geist.de\/index.php\/gottesdienste\/","title":{"rendered":"Gottesdienste"},"content":{"rendered":"\n<figure class=\"wp-block-image size-large\"><img loading=\"lazy\" decoding=\"async\" width=\"820\" height=\"1024\" src=\"https:\/\/kirche-heilig-geist.de\/wp-content\/uploads\/2026\/02\/grafik-2-820x1024.png\" alt=\"\" class=\"wp-image-1242\" srcset=\"https:\/\/kirche-heilig-geist.de\/wp-content\/uploads\/2026\/02\/grafik-2-820x1024.png 820w, https:\/\/kirche-heilig-geist.de\/wp-content\/uploads\/2026\/02\/grafik-2-240x300.png 240w, https:\/\/kirche-heilig-geist.de\/wp-content\/uploads\/2026\/02\/grafik-2-768x958.png 768w, https:\/\/kirche-heilig-geist.de\/wp-content\/uploads\/2026\/02\/grafik-2.png 887w\" sizes=\"auto, (max-width: 820px) 100vw, 820px\" \/><\/figure>\n\n\n\n<p><\/p>\n\n\n\n<p>GD = Gottesdienst; m. A. = mit Abendmahl; GodimaSi = Gottesdienst mit allen Sinnen<\/p>\n\n\n\n<p>Einige Gemeindeglieder k\u00f6nnen vielleicht nicht mehr zum Gottesdienst kommen, weil ihnen der Weg zu weit ist und sie kein Auto haben. Wenn das bei Ihnen so ist, k\u00f6nnen Sie bei uns nachfragen, wer mit seinem Auto zum Gottesdienst f\u00e4hrt und noch jemanden mitnehmen k\u00f6nnte. <br>Infos unter Tel. 03322 235443 oder <a href=\"heilig-geist-falkensee@t-online.de%20\">heilig-geist-falkensee@t-online.de<\/a><\/p>\n","protected":false},"excerpt":{"rendered":"<p>GD = Gottesdienst; m. A. = mit Abendmahl; GodimaSi = Gottesdienst mit allen Sinnen Einige Gemeindeglieder k\u00f6nnen vielleicht nicht mehr&hellip;<\/p>\n","protected":false},"author":1,"featured_media":81,"parent":0,"menu_order":0,"comment_status":"closed","ping_status":"closed","template":"","meta":{"footnotes":""},"class_list":["post-17","page","type-page","status-publish","has-post-thumbnail","hentry"],"yoast_head":"<!-- This site is optimized with the Yoast SEO plugin v27.5 - https:\/\/yoast.com\/product\/yoast-seo-wordpress\/ -->\n<title>Gottesdienste - Evangelische Heilig Geist Gemeinde Falkensee<\/title>\n<meta name=\"robots\" content=\"index, follow, max-snippet:-1, max-image-preview:large, max-video-preview:-1\" \/>\n<link rel=\"canonical\" href=\"https:\/\/kirche-heilig-geist.de\/index.php\/gottesdienste\/\" \/>\n<meta property=\"og:locale\" content=\"de_DE\" \/>\n<meta property=\"og:type\" content=\"article\" \/>\n<meta property=\"og:title\" content=\"Gottesdienste - Evangelische Heilig Geist Gemeinde Falkensee\" \/>\n<meta property=\"og:description\" content=\"GD = Gottesdienst; m. A. = mit Abendmahl; GodimaSi = Gottesdienst mit allen Sinnen Einige Gemeindeglieder k\u00f6nnen vielleicht nicht mehr&hellip;\" \/>\n<meta property=\"og:url\" content=\"https:\/\/kirche-heilig-geist.de\/index.php\/gottesdienste\/\" \/>\n<meta property=\"og:site_name\" content=\"Evangelische Heilig Geist Gemeinde Falkensee\" \/>\n<meta property=\"article:modified_time\" content=\"2026-02-06T11:39:04+00:00\" \/>\n<meta property=\"og:image\" content=\"https:\/\/kirche-heilig-geist.de\/wp-content\/uploads\/2021\/03\/IMG_0489-scaled.jpg\" \/>\n\t<meta property=\"og:image:width\" content=\"2560\" \/>\n\t<meta property=\"og:image:height\" content=\"1920\" \/>\n\t<meta property=\"og:image:type\" content=\"image\/jpeg\" \/>\n<meta name=\"twitter:card\" content=\"summary_large_image\" \/>\n<meta name=\"twitter:label1\" content=\"Gesch\u00e4tzte Lesezeit\" \/>\n\t<meta name=\"twitter:data1\" content=\"1\u00a0Minute\" \/>\n<script type=\"application\/ld+json\" class=\"yoast-schema-graph\">{\"@context\":\"https:\\\/\\\/schema.org\",\"@graph\":[{\"@type\":\"WebPage\",\"@id\":\"https:\\\/\\\/kirche-heilig-geist.de\\\/index.php\\\/gottesdienste\\\/\",\"url\":\"https:\\\/\\\/kirche-heilig-geist.de\\\/index.php\\\/gottesdienste\\\/\",\"name\":\"Gottesdienste - Evangelische Heilig Geist Gemeinde Falkensee\",\"isPartOf\":{\"@id\":\"https:\\\/\\\/kirche-heilig-geist.de\\\/#website\"},\"primaryImageOfPage\":{\"@id\":\"https:\\\/\\\/kirche-heilig-geist.de\\\/index.php\\\/gottesdienste\\\/#primaryimage\"},\"image\":{\"@id\":\"https:\\\/\\\/kirche-heilig-geist.de\\\/index.php\\\/gottesdienste\\\/#primaryimage\"},\"thumbnailUrl\":\"https:\\\/\\\/kirche-heilig-geist.de\\\/wp-content\\\/uploads\\\/2021\\\/03\\\/IMG_0489-scaled.jpg\",\"datePublished\":\"2021-03-18T15:29:23+00:00\",\"dateModified\":\"2026-02-06T11:39:04+00:00\",\"breadcrumb\":{\"@id\":\"https:\\\/\\\/kirche-heilig-geist.de\\\/index.php\\\/gottesdienste\\\/#breadcrumb\"},\"inLanguage\":\"de\",\"potentialAction\":[{\"@type\":\"ReadAction\",\"target\":[\"https:\\\/\\\/kirche-heilig-geist.de\\\/index.php\\\/gottesdienste\\\/\"]}]},{\"@type\":\"ImageObject\",\"inLanguage\":\"de\",\"@id\":\"https:\\\/\\\/kirche-heilig-geist.de\\\/index.php\\\/gottesdienste\\\/#primaryimage\",\"url\":\"https:\\\/\\\/kirche-heilig-geist.de\\\/wp-content\\\/uploads\\\/2021\\\/03\\\/IMG_0489-scaled.jpg\",\"contentUrl\":\"https:\\\/\\\/kirche-heilig-geist.de\\\/wp-content\\\/uploads\\\/2021\\\/03\\\/IMG_0489-scaled.jpg\",\"width\":2560,\"height\":1920},{\"@type\":\"BreadcrumbList\",\"@id\":\"https:\\\/\\\/kirche-heilig-geist.de\\\/index.php\\\/gottesdienste\\\/#breadcrumb\",\"itemListElement\":[{\"@type\":\"ListItem\",\"position\":1,\"name\":\"Startseite\",\"item\":\"https:\\\/\\\/kirche-heilig-geist.de\\\/\"},{\"@type\":\"ListItem\",\"position\":2,\"name\":\"Gottesdienste\"}]},{\"@type\":\"WebSite\",\"@id\":\"https:\\\/\\\/kirche-heilig-geist.de\\\/#website\",\"url\":\"https:\\\/\\\/kirche-heilig-geist.de\\\/\",\"name\":\"Evangelische Heilig Geist Gemeinde Falkensee\",\"description\":\"Herzlich Willkommen in einer Kirche des Kirchenkreises Havelland\",\"potentialAction\":[{\"@type\":\"SearchAction\",\"target\":{\"@type\":\"EntryPoint\",\"urlTemplate\":\"https:\\\/\\\/kirche-heilig-geist.de\\\/?s={search_term_string}\"},\"query-input\":{\"@type\":\"PropertyValueSpecification\",\"valueRequired\":true,\"valueName\":\"search_term_string\"}}],\"inLanguage\":\"de\"}]}<\/script>\n<!-- \/ Yoast SEO plugin. -->","yoast_head_json":{"title":"Gottesdienste - Evangelische Heilig Geist Gemeinde Falkensee","robots":{"index":"index","follow":"follow","max-snippet":"max-snippet:-1","max-image-preview":"max-image-preview:large","max-video-preview":"max-video-preview:-1"},"canonical":"https:\/\/kirche-heilig-geist.de\/index.php\/gottesdienste\/","og_locale":"de_DE","og_type":"article","og_title":"Gottesdienste - Evangelische Heilig Geist Gemeinde Falkensee","og_description":"GD = Gottesdienst; m. A. = mit Abendmahl; GodimaSi = Gottesdienst mit allen Sinnen Einige Gemeindeglieder k\u00f6nnen vielleicht nicht mehr&hellip;","og_url":"https:\/\/kirche-heilig-geist.de\/index.php\/gottesdienste\/","og_site_name":"Evangelische Heilig Geist Gemeinde Falkensee","article_modified_time":"2026-02-06T11:39:04+00:00","og_image":[{"width":2560,"height":1920,"url":"https:\/\/kirche-heilig-geist.de\/wp-content\/uploads\/2021\/03\/IMG_0489-scaled.jpg","type":"image\/jpeg"}],"twitter_card":"summary_large_image","twitter_misc":{"Gesch\u00e4tzte Lesezeit":"1\u00a0Minute"},"schema":{"@context":"https:\/\/schema.org","@graph":[{"@type":"WebPage","@id":"https:\/\/kirche-heilig-geist.de\/index.php\/gottesdienste\/","url":"https:\/\/kirche-heilig-geist.de\/index.php\/gottesdienste\/","name":"Gottesdienste - Evangelische Heilig Geist Gemeinde Falkensee","isPartOf":{"@id":"https:\/\/kirche-heilig-geist.de\/#website"},"primaryImageOfPage":{"@id":"https:\/\/kirche-heilig-geist.de\/index.php\/gottesdienste\/#primaryimage"},"image":{"@id":"https:\/\/kirche-heilig-geist.de\/index.php\/gottesdienste\/#primaryimage"},"thumbnailUrl":"https:\/\/kirche-heilig-geist.de\/wp-content\/uploads\/2021\/03\/IMG_0489-scaled.jpg","datePublished":"2021-03-18T15:29:23+00:00","dateModified":"2026-02-06T11:39:04+00:00","breadcrumb":{"@id":"https:\/\/kirche-heilig-geist.de\/index.php\/gottesdienste\/#breadcrumb"},"inLanguage":"de","potentialAction":[{"@type":"ReadAction","target":["https:\/\/kirche-heilig-geist.de\/index.php\/gottesdienste\/"]}]},{"@type":"ImageObject","inLanguage":"de","@id":"https:\/\/kirche-heilig-geist.de\/index.php\/gottesdienste\/#primaryimage","url":"https:\/\/kirche-heilig-geist.de\/wp-content\/uploads\/2021\/03\/IMG_0489-scaled.jpg","contentUrl":"https:\/\/kirche-heilig-geist.de\/wp-content\/uploads\/2021\/03\/IMG_0489-scaled.jpg","width":2560,"height":1920},{"@type":"BreadcrumbList","@id":"https:\/\/kirche-heilig-geist.de\/index.php\/gottesdienste\/#breadcrumb","itemListElement":[{"@type":"ListItem","position":1,"name":"Startseite","item":"https:\/\/kirche-heilig-geist.de\/"},{"@type":"ListItem","position":2,"name":"Gottesdienste"}]},{"@type":"WebSite","@id":"https:\/\/kirche-heilig-geist.de\/#website","url":"https:\/\/kirche-heilig-geist.de\/","name":"Evangelische Heilig Geist Gemeinde Falkensee","description":"Herzlich Willkommen in einer Kirche des Kirchenkreises Havelland","potentialAction":[{"@type":"SearchAction","target":{"@type":"EntryPoint","urlTemplate":"https:\/\/kirche-heilig-geist.de\/?s={search_term_string}"},"query-input":{"@type":"PropertyValueSpecification","valueRequired":true,"valueName":"search_term_string"}}],"inLanguage":"de"}]}},"_links":{"self":[{"href":"https:\/\/kirche-heilig-geist.de\/index.php\/wp-json\/wp\/v2\/pages\/17","targetHints":{"allow":["GET"]}}],"collection":[{"href":"https:\/\/kirche-heilig-geist.de\/index.php\/wp-json\/wp\/v2\/pages"}],"about":[{"href":"https:\/\/kirche-heilig-geist.de\/index.php\/wp-json\/wp\/v2\/types\/page"}],"author":[{"embeddable":true,"href":"https:\/\/kirche-heilig-geist.de\/index.php\/wp-json\/wp\/v2\/users\/1"}],"replies":[{"embeddable":true,"href":"https:\/\/kirche-heilig-geist.de\/index.php\/wp-json\/wp\/v2\/comments?post=17"}],"version-history":[{"count":73,"href":"https:\/\/kirche-heilig-geist.de\/index.php\/wp-json\/wp\/v2\/pages\/17\/revisions"}],"predecessor-version":[{"id":1243,"href":"https:\/\/kirche-heilig-geist.de\/index.php\/wp-json\/wp\/v2\/pages\/17\/revisions\/1243"}],"wp:featuredmedia":[{"embeddable":true,"href":"https:\/\/kirche-heilig-geist.de\/index.php\/wp-json\/wp\/v2\/media\/81"}],"wp:attachment":[{"href":"https:\/\/kirche-heilig-geist.de\/index.php\/wp-json\/wp\/v2\/media?parent=17"}],"curies":[{"name":"wp","href":"https:\/\/api.w.org\/{rel}","templated":true}]}}

<figure class="wp-block-image size-large"><img loading="lazy" decoding="async" width="820" height="1024" src="https://kirche-heilig-geist.de/wp-content/uploads/2026/02/grafik-2-820x1024.png" alt="" class="wp-image-1242" srcset="https://kirche-heilig-geist.de/wp-content/uploads/2026/02/grafik-2-820x1024.png 820w, https://kirche-heilig-geist.de/wp-content/uploads/2026/02/grafik-2-240x300.png 240w, https://kirche-heilig-geist.de/wp-content/uploads/2026/02/grafik-2-768x958.png 768w, https://kirche-heilig-geist.de/wp-content/uploads/2026/02/grafik-2.png 887w" sizes="auto, (max-width: 820px) 100vw, 820px" /></figure>



<p></p>



<p>GD = Gottesdienst; m. A. = mit Abendmahl; GodimaSi = Gottesdienst mit allen Sinnen</p>



<p>Einige Gemeindeglieder können vielleicht nicht mehr zum Gottesdienst kommen, weil ihnen der Weg zu weit ist und sie kein Auto haben. Wenn das bei Ihnen so ist, können Sie bei uns nachfragen, wer mit seinem Auto zum Gottesdienst fährt und noch jemanden mitnehmen könnte. <br>Infos unter Tel. 03322 235443 oder <a href="heilig-geist-falkensee@t-online.de%20">heilig-geist-falkensee@t-online.de</a></p>

<p>GD = Gottesdienst; m. A. = mit Abendmahl; GodimaSi = Gottesdienst mit allen Sinnen Einige Gemeindeglieder können vielleicht nicht mehr&hellip;</p>

<!-- This site is optimized with the Yoast SEO plugin v27.5 - https://yoast.com/product/yoast-seo-wordpress/ -->
<title>Gottesdienste - Evangelische Heilig Geist Gemeinde Falkensee</title>
<meta name="robots" content="index, follow, max-snippet:-1, max-image-preview:large, max-video-preview:-1" />
<link rel="canonical" href="https://kirche-heilig-geist.de/index.php/gottesdienste/" />
<meta property="og:locale" content="de_DE" />
<meta property="og:type" content="article" />
<meta property="og:title" content="Gottesdienste - Evangelische Heilig Geist Gemeinde Falkensee" />
<meta property="og:description" content="GD = Gottesdienst; m. A. = mit Abendmahl; GodimaSi = Gottesdienst mit allen Sinnen Einige Gemeindeglieder können vielleicht nicht mehr&hellip;" />
<meta property="og:url" content="https://kirche-heilig-geist.de/index.php/gottesdienste/" />
<meta property="og:site_name" content="Evangelische Heilig Geist Gemeinde Falkensee" />
<meta property="article:modified_time" content="2026-02-06T11:39:04+00:00" />
<meta property="og:image" content="https://kirche-heilig-geist.de/wp-content/uploads/2021/03/IMG_0489-scaled.jpg" />
	<meta property="og:image:width" content="2560" />
	<meta property="og:image:height" content="1920" />
	<meta property="og:image:type" content="image/jpeg" />
<meta name="twitter:card" content="summary_large_image" />
<meta name="twitter:label1" content="Geschätzte Lesezeit" />
	<meta name="twitter:data1" content="1 Minute" />
<script type="application/ld+json" class="yoast-schema-graph">{"@context":"https:\/\/schema.org","@graph":[{"@type":"WebPage","@id":"https:\/\/kirche-heilig-geist.de\/index.php\/gottesdienste\/","url":"https:\/\/kirche-heilig-geist.de\/index.php\/gottesdienste\/","name":"Gottesdienste - Evangelische Heilig Geist Gemeinde Falkensee","isPartOf":{"@id":"https:\/\/kirche-heilig-geist.de\/#website"},"primaryImageOfPage":{"@id":"https:\/\/kirche-heilig-geist.de\/index.php\/gottesdienste\/#primaryimage"},"image":{"@id":"https:\/\/kirche-heilig-geist.de\/index.php\/gottesdienste\/#primaryimage"},"thumbnailUrl":"https:\/\/kirche-heilig-geist.de\/wp-content\/uploads\/2021\/03\/IMG_0489-scaled.jpg","datePublished":"2021-03-18T15:29:23+00:00","dateModified":"2026-02-06T11:39:04+00:00","breadcrumb":{"@id":"https:\/\/kirche-heilig-geist.de\/index.php\/gottesdienste\/#breadcrumb"},"inLanguage":"de","potentialAction":[{"@type":"ReadAction","target":["https:\/\/kirche-heilig-geist.de\/index.php\/gottesdienste\/"]}]},{"@type":"ImageObject","inLanguage":"de","@id":"https:\/\/kirche-heilig-geist.de\/index.php\/gottesdienste\/#primaryimage","url":"https:\/\/kirche-heilig-geist.de\/wp-content\/uploads\/2021\/03\/IMG_0489-scaled.jpg","contentUrl":"https:\/\/kirche-heilig-geist.de\/wp-content\/uploads\/2021\/03\/IMG_0489-scaled.jpg","width":2560,"height":1920},{"@type":"BreadcrumbList","@id":"https:\/\/kirche-heilig-geist.de\/index.php\/gottesdienste\/#breadcrumb","itemListElement":[{"@type":"ListItem","position":1,"name":"Startseite","item":"https:\/\/kirche-heilig-geist.de\/"},{"@type":"ListItem","position":2,"name":"Gottesdienste"}]},{"@type":"WebSite","@id":"https:\/\/kirche-heilig-geist.de\/#website","url":"https:\/\/kirche-heilig-geist.de\/","name":"Evangelische Heilig Geist Gemeinde Falkensee","description":"Herzlich Willkommen in einer Kirche des Kirchenkreises Havelland","potentialAction":[{"@type":"SearchAction","target":{"@type":"EntryPoint","urlTemplate":"https:\/\/kirche-heilig-geist.de\/?s={search_term_string}"},"query-input":{"@type":"PropertyValueSpecification","valueRequired":true,"valueName":"search_term_string"}}],"inLanguage":"de"}]}</script>
<!-- / Yoast SEO plugin. -->

GD = Gottesdienst; m. A. = mit Abendmahl; GodimaSi = Gottesdienst mit allen Sinnen Einige Gemeindeglieder können vielleicht nicht mehr&hellip;
