{"id":151,"date":"2021-03-18T20:21:11","date_gmt":"2021-03-18T20:21:11","guid":{"rendered":"https:\/\/kirche-heilig-geist.de\/?page_id=151"},"modified":"2026-01-19T12:04:59","modified_gmt":"2026-01-19T12:04:59","slug":"kinderjugend","status":"publish","type":"page","link":"https:\/\/kirche-heilig-geist.de\/index.php\/kinderjugend\/","title":{"rendered":"Kinder&#038;Jugend"},"content":{"rendered":"\n<p><strong>Der Diakonen-Dienstag<\/strong><\/p>\n\n\n\n<p>Wenn ihr mich mal sucht: ihr findet mich garantiert jeden Dienstag &#8211; au\u00dfer, ich bin im Urlaub oder krank- im Gemeindehaus. Gerne k\u00f6nnt ihr mich auch anrufen, eine WhatsApp schreiben, sowie Kontakt aufnehmen \u00fcber E-Mail oder via PN auf Instagram (#Mathiasglaubt), wo ihr immer die neusten Sachen betrachten k\u00f6nnt.<\/p>\n\n\n\n<p><strong>Kindergartenrunde<\/strong><strong><\/strong><\/p>\n\n\n\n<p><img loading=\"lazy\" decoding=\"async\" width=\"91\" height=\"91\" src=\"\" alt=\"Familie mit zwei Kindern Silhouette\"> Ab Januar wird es dienstags einmal im Monat in der Kita am See eine Einheit zu christlichen Glaubensthemen geben. Mehr dazu kommt im n\u00e4chsten Gemeindebrief.<\/p>\n\n\n\n<p><strong>Kindergottesdienste<\/strong><\/p>\n\n\n\n<p>Einmal im Monat findet w\u00e4hrend des Sonntagsgottesdienstes ein Kindergottesdienst statt, in dem die Kinder w\u00e4hrend der Zeit der Predigt ins GeistReich gehen und die Texte kindgerecht anschauen und bearbeiten.<\/p>\n\n\n\n<p><strong>Kids Oase&nbsp;&nbsp;&nbsp;&nbsp;&nbsp;&nbsp;&nbsp;&nbsp;&nbsp; <\/strong><strong><\/strong><strong><\/strong><\/p>\n\n\n\n<p>Immer ab Dienstag von 16:30-17:30 Uhr f\u00fcr Kinder ab 8 Jahren<\/p>\n\n\n\n<p>Hast du Lust, dich mit Menschen zu treffen? Du wolltest schon immer mal wissen, wie Gott die Welt in 7 Tagen erschaffen hat, oder wer eigentlich Jesus war und was ihn so ber\u00fchmt gemacht hat?<\/p>\n\n\n\n<p>Dann komm gerne vorbei und erlebe unsere Gemeinschaft, wir werden zusammen reden, basteln, essen, spielen und beten. Und wir haben zusammen Spa\u00df! Weitere Informationen gibt Mathias Nowak.<\/p>\n\n\n\n<p class=\"has-primary-color has-text-color\"><strong>Junge Gemeinde<\/strong><\/p>\n\n\n\n<p>Die Junge Gemeinde trifft sich dienstags von 18.00 &#8211; ca. 20.00 Uhr.<\/p>\n\n\n\n<p>Die Junge Gemeinde ist, wie der Name schon sagt, f\u00fcr die jungen Gemeindemitglieder ab 14 Jahren offen. Themen der Jugendlichen stehen auf dem Programm. Miteinander wird diskutiert oder gespielt und auch das gemeinsame Kochen und Essen kommt nicht zu kurz. Dazu kommen besondere Veranstaltungen wie Filmabende oder in der Passionszeit die Teilnahme am Jugendkreuzweg des Kirchenkreises Falkensee. <\/p>\n\n\n\n<p>Mathias Nowak (#Mathiasglaubt) l\u00e4dt herzlich ein: \u201eEs ist f\u00fcr jeden etwas dabei, deshalb komm\u2018 gerne vorbei und schau, wie du in der Gemeinde etwas bewegen und erleben kannst!\u201c<\/p>\n\n\n\n<p class=\"has-primary-color has-text-color\"><strong>Konfirmanden<\/strong><\/p>\n\n\n\n<p>Die Vor- und Hauptkonfirmanden treffen sich regelm\u00e4\u00dfig mit Pfarrerin Barbara Deml und arbeiten an verschiedenen Themen wie Gebet, Gottesdienst, \u201aunsere Gemeinde\u2018 oder auch zu Fragen des eigenen Glaubens und Lebens. <\/p>\n\n\n\n<p>Zum Konfirmandenunterricht sind alle interessierten Jugendlichen mit Beginn der 7. Klasse eingeladen. Er endet mit der Konfirmation (\u201econfirmatio\u201c bedeutet \u201eSt\u00e4rkung\u201c oder \u201eBest\u00e4tigung\u201c); Taufe und Kirchenmitgliedschaft sind f\u00fcr den Unterricht nicht erforderlich. Weitere Informationen unter: https:\/\/kirchenkreis- falkensee.de\/glauben\/konfirmation\/<\/p>\n","protected":false},"excerpt":{"rendered":"<p>Der Diakonen-Dienstag Wenn ihr mich mal sucht: ihr findet mich garantiert jeden Dienstag &#8211; au\u00dfer, ich bin im Urlaub oder&hellip;<\/p>\n","protected":false},"author":1,"featured_media":0,"parent":0,"menu_order":0,"comment_status":"closed","ping_status":"closed","template":"","meta":{"footnotes":""},"class_list":["post-151","page","type-page","status-publish","hentry"],"yoast_head":"<!-- This site is optimized with the Yoast SEO plugin v27.5 - https:\/\/yoast.com\/product\/yoast-seo-wordpress\/ -->\n<title>Kinder&amp;Jugend - Evangelische Heilig Geist Gemeinde Falkensee<\/title>\n<meta name=\"robots\" content=\"index, follow, max-snippet:-1, max-image-preview:large, max-video-preview:-1\" \/>\n<link rel=\"canonical\" href=\"https:\/\/kirche-heilig-geist.de\/index.php\/kinderjugend\/\" \/>\n<meta property=\"og:locale\" content=\"de_DE\" \/>\n<meta property=\"og:type\" content=\"article\" \/>\n<meta property=\"og:title\" content=\"Kinder&amp;Jugend - Evangelische Heilig Geist Gemeinde Falkensee\" \/>\n<meta property=\"og:description\" content=\"Der Diakonen-Dienstag Wenn ihr mich mal sucht: ihr findet mich garantiert jeden Dienstag &#8211; au\u00dfer, ich bin im Urlaub oder&hellip;\" \/>\n<meta property=\"og:url\" content=\"https:\/\/kirche-heilig-geist.de\/index.php\/kinderjugend\/\" \/>\n<meta property=\"og:site_name\" content=\"Evangelische Heilig Geist Gemeinde Falkensee\" \/>\n<meta property=\"article:modified_time\" content=\"2026-01-19T12:04:59+00:00\" \/>\n<meta name=\"twitter:card\" content=\"summary_large_image\" \/>\n<meta name=\"twitter:label1\" content=\"Gesch\u00e4tzte Lesezeit\" \/>\n\t<meta name=\"twitter:data1\" content=\"3\u00a0Minuten\" \/>\n<script type=\"application\/ld+json\" class=\"yoast-schema-graph\">{\"@context\":\"https:\\\/\\\/schema.org\",\"@graph\":[{\"@type\":\"WebPage\",\"@id\":\"https:\\\/\\\/kirche-heilig-geist.de\\\/index.php\\\/kinderjugend\\\/\",\"url\":\"https:\\\/\\\/kirche-heilig-geist.de\\\/index.php\\\/kinderjugend\\\/\",\"name\":\"Kinder&Jugend - Evangelische Heilig Geist Gemeinde Falkensee\",\"isPartOf\":{\"@id\":\"https:\\\/\\\/kirche-heilig-geist.de\\\/#website\"},\"datePublished\":\"2021-03-18T20:21:11+00:00\",\"dateModified\":\"2026-01-19T12:04:59+00:00\",\"breadcrumb\":{\"@id\":\"https:\\\/\\\/kirche-heilig-geist.de\\\/index.php\\\/kinderjugend\\\/#breadcrumb\"},\"inLanguage\":\"de\",\"potentialAction\":[{\"@type\":\"ReadAction\",\"target\":[\"https:\\\/\\\/kirche-heilig-geist.de\\\/index.php\\\/kinderjugend\\\/\"]}]},{\"@type\":\"BreadcrumbList\",\"@id\":\"https:\\\/\\\/kirche-heilig-geist.de\\\/index.php\\\/kinderjugend\\\/#breadcrumb\",\"itemListElement\":[{\"@type\":\"ListItem\",\"position\":1,\"name\":\"Startseite\",\"item\":\"https:\\\/\\\/kirche-heilig-geist.de\\\/\"},{\"@type\":\"ListItem\",\"position\":2,\"name\":\"Kinder&#038;Jugend\"}]},{\"@type\":\"WebSite\",\"@id\":\"https:\\\/\\\/kirche-heilig-geist.de\\\/#website\",\"url\":\"https:\\\/\\\/kirche-heilig-geist.de\\\/\",\"name\":\"Evangelische Heilig Geist Gemeinde Falkensee\",\"description\":\"Herzlich Willkommen in einer Kirche des Kirchenkreises Havelland\",\"potentialAction\":[{\"@type\":\"SearchAction\",\"target\":{\"@type\":\"EntryPoint\",\"urlTemplate\":\"https:\\\/\\\/kirche-heilig-geist.de\\\/?s={search_term_string}\"},\"query-input\":{\"@type\":\"PropertyValueSpecification\",\"valueRequired\":true,\"valueName\":\"search_term_string\"}}],\"inLanguage\":\"de\"}]}<\/script>\n<!-- \/ Yoast SEO plugin. -->","yoast_head_json":{"title":"Kinder&Jugend - Evangelische Heilig Geist Gemeinde Falkensee","robots":{"index":"index","follow":"follow","max-snippet":"max-snippet:-1","max-image-preview":"max-image-preview:large","max-video-preview":"max-video-preview:-1"},"canonical":"https:\/\/kirche-heilig-geist.de\/index.php\/kinderjugend\/","og_locale":"de_DE","og_type":"article","og_title":"Kinder&Jugend - Evangelische Heilig Geist Gemeinde Falkensee","og_description":"Der Diakonen-Dienstag Wenn ihr mich mal sucht: ihr findet mich garantiert jeden Dienstag &#8211; au\u00dfer, ich bin im Urlaub oder&hellip;","og_url":"https:\/\/kirche-heilig-geist.de\/index.php\/kinderjugend\/","og_site_name":"Evangelische Heilig Geist Gemeinde Falkensee","article_modified_time":"2026-01-19T12:04:59+00:00","twitter_card":"summary_large_image","twitter_misc":{"Gesch\u00e4tzte Lesezeit":"3\u00a0Minuten"},"schema":{"@context":"https:\/\/schema.org","@graph":[{"@type":"WebPage","@id":"https:\/\/kirche-heilig-geist.de\/index.php\/kinderjugend\/","url":"https:\/\/kirche-heilig-geist.de\/index.php\/kinderjugend\/","name":"Kinder&Jugend - Evangelische Heilig Geist Gemeinde Falkensee","isPartOf":{"@id":"https:\/\/kirche-heilig-geist.de\/#website"},"datePublished":"2021-03-18T20:21:11+00:00","dateModified":"2026-01-19T12:04:59+00:00","breadcrumb":{"@id":"https:\/\/kirche-heilig-geist.de\/index.php\/kinderjugend\/#breadcrumb"},"inLanguage":"de","potentialAction":[{"@type":"ReadAction","target":["https:\/\/kirche-heilig-geist.de\/index.php\/kinderjugend\/"]}]},{"@type":"BreadcrumbList","@id":"https:\/\/kirche-heilig-geist.de\/index.php\/kinderjugend\/#breadcrumb","itemListElement":[{"@type":"ListItem","position":1,"name":"Startseite","item":"https:\/\/kirche-heilig-geist.de\/"},{"@type":"ListItem","position":2,"name":"Kinder&#038;Jugend"}]},{"@type":"WebSite","@id":"https:\/\/kirche-heilig-geist.de\/#website","url":"https:\/\/kirche-heilig-geist.de\/","name":"Evangelische Heilig Geist Gemeinde Falkensee","description":"Herzlich Willkommen in einer Kirche des Kirchenkreises Havelland","potentialAction":[{"@type":"SearchAction","target":{"@type":"EntryPoint","urlTemplate":"https:\/\/kirche-heilig-geist.de\/?s={search_term_string}"},"query-input":{"@type":"PropertyValueSpecification","valueRequired":true,"valueName":"search_term_string"}}],"inLanguage":"de"}]}},"_links":{"self":[{"href":"https:\/\/kirche-heilig-geist.de\/index.php\/wp-json\/wp\/v2\/pages\/151","targetHints":{"allow":["GET"]}}],"collection":[{"href":"https:\/\/kirche-heilig-geist.de\/index.php\/wp-json\/wp\/v2\/pages"}],"about":[{"href":"https:\/\/kirche-heilig-geist.de\/index.php\/wp-json\/wp\/v2\/types\/page"}],"author":[{"embeddable":true,"href":"https:\/\/kirche-heilig-geist.de\/index.php\/wp-json\/wp\/v2\/users\/1"}],"replies":[{"embeddable":true,"href":"https:\/\/kirche-heilig-geist.de\/index.php\/wp-json\/wp\/v2\/comments?post=151"}],"version-history":[{"count":28,"href":"https:\/\/kirche-heilig-geist.de\/index.php\/wp-json\/wp\/v2\/pages\/151\/revisions"}],"predecessor-version":[{"id":1133,"href":"https:\/\/kirche-heilig-geist.de\/index.php\/wp-json\/wp\/v2\/pages\/151\/revisions\/1133"}],"wp:attachment":[{"href":"https:\/\/kirche-heilig-geist.de\/index.php\/wp-json\/wp\/v2\/media?parent=151"}],"curies":[{"name":"wp","href":"https:\/\/api.w.org\/{rel}","templated":true}]}}

<p><strong>Der Diakonen-Dienstag</strong></p>



<p>Wenn ihr mich mal sucht: ihr findet mich garantiert jeden Dienstag &#8211; außer, ich bin im Urlaub oder krank- im Gemeindehaus. Gerne könnt ihr mich auch anrufen, eine WhatsApp schreiben, sowie Kontakt aufnehmen über E-Mail oder via PN auf Instagram (#Mathiasglaubt), wo ihr immer die neusten Sachen betrachten könnt.</p>



<p><strong>Kindergartenrunde</strong><strong></strong></p>



<p><img loading="lazy" decoding="async" width="91" height="91" src="" alt="Familie mit zwei Kindern Silhouette"> Ab Januar wird es dienstags einmal im Monat in der Kita am See eine Einheit zu christlichen Glaubensthemen geben. Mehr dazu kommt im nächsten Gemeindebrief.</p>



<p><strong>Kindergottesdienste</strong></p>



<p>Einmal im Monat findet während des Sonntagsgottesdienstes ein Kindergottesdienst statt, in dem die Kinder während der Zeit der Predigt ins GeistReich gehen und die Texte kindgerecht anschauen und bearbeiten.</p>



<p><strong>Kids Oase&nbsp;&nbsp;&nbsp;&nbsp;&nbsp;&nbsp;&nbsp;&nbsp;&nbsp; </strong><strong></strong><strong></strong></p>



<p>Immer ab Dienstag von 16:30-17:30 Uhr für Kinder ab 8 Jahren</p>



<p>Hast du Lust, dich mit Menschen zu treffen? Du wolltest schon immer mal wissen, wie Gott die Welt in 7 Tagen erschaffen hat, oder wer eigentlich Jesus war und was ihn so berühmt gemacht hat?</p>



<p>Dann komm gerne vorbei und erlebe unsere Gemeinschaft, wir werden zusammen reden, basteln, essen, spielen und beten. Und wir haben zusammen Spaß! Weitere Informationen gibt Mathias Nowak.</p>



<p class="has-primary-color has-text-color"><strong>Junge Gemeinde</strong></p>



<p>Die Junge Gemeinde trifft sich dienstags von 18.00 &#8211; ca. 20.00 Uhr.</p>



<p>Die Junge Gemeinde ist, wie der Name schon sagt, für die jungen Gemeindemitglieder ab 14 Jahren offen. Themen der Jugendlichen stehen auf dem Programm. Miteinander wird diskutiert oder gespielt und auch das gemeinsame Kochen und Essen kommt nicht zu kurz. Dazu kommen besondere Veranstaltungen wie Filmabende oder in der Passionszeit die Teilnahme am Jugendkreuzweg des Kirchenkreises Falkensee. </p>



<p>Mathias Nowak (#Mathiasglaubt) lädt herzlich ein: „Es ist für jeden etwas dabei, deshalb komm‘ gerne vorbei und schau, wie du in der Gemeinde etwas bewegen und erleben kannst!“</p>



<p class="has-primary-color has-text-color"><strong>Konfirmanden</strong></p>



<p>Die Vor- und Hauptkonfirmanden treffen sich regelmäßig mit Pfarrerin Barbara Deml und arbeiten an verschiedenen Themen wie Gebet, Gottesdienst, ‚unsere Gemeinde‘ oder auch zu Fragen des eigenen Glaubens und Lebens. </p>



<p>Zum Konfirmandenunterricht sind alle interessierten Jugendlichen mit Beginn der 7. Klasse eingeladen. Er endet mit der Konfirmation („confirmatio“ bedeutet „Stärkung“ oder „Bestätigung“); Taufe und Kirchenmitgliedschaft sind für den Unterricht nicht erforderlich. Weitere Informationen unter: https://kirchenkreis- falkensee.de/glauben/konfirmation/</p>

<p>Der Diakonen-Dienstag Wenn ihr mich mal sucht: ihr findet mich garantiert jeden Dienstag &#8211; außer, ich bin im Urlaub oder&hellip;</p>

<!-- This site is optimized with the Yoast SEO plugin v27.5 - https://yoast.com/product/yoast-seo-wordpress/ -->
<title>Kinder&amp;Jugend - Evangelische Heilig Geist Gemeinde Falkensee</title>
<meta name="robots" content="index, follow, max-snippet:-1, max-image-preview:large, max-video-preview:-1" />
<link rel="canonical" href="https://kirche-heilig-geist.de/index.php/kinderjugend/" />
<meta property="og:locale" content="de_DE" />
<meta property="og:type" content="article" />
<meta property="og:title" content="Kinder&amp;Jugend - Evangelische Heilig Geist Gemeinde Falkensee" />
<meta property="og:description" content="Der Diakonen-Dienstag Wenn ihr mich mal sucht: ihr findet mich garantiert jeden Dienstag &#8211; außer, ich bin im Urlaub oder&hellip;" />
<meta property="og:url" content="https://kirche-heilig-geist.de/index.php/kinderjugend/" />
<meta property="og:site_name" content="Evangelische Heilig Geist Gemeinde Falkensee" />
<meta property="article:modified_time" content="2026-01-19T12:04:59+00:00" />
<meta name="twitter:card" content="summary_large_image" />
<meta name="twitter:label1" content="Geschätzte Lesezeit" />
	<meta name="twitter:data1" content="3 Minuten" />
<script type="application/ld+json" class="yoast-schema-graph">{"@context":"https:\/\/schema.org","@graph":[{"@type":"WebPage","@id":"https:\/\/kirche-heilig-geist.de\/index.php\/kinderjugend\/","url":"https:\/\/kirche-heilig-geist.de\/index.php\/kinderjugend\/","name":"Kinder&Jugend - Evangelische Heilig Geist Gemeinde Falkensee","isPartOf":{"@id":"https:\/\/kirche-heilig-geist.de\/#website"},"datePublished":"2021-03-18T20:21:11+00:00","dateModified":"2026-01-19T12:04:59+00:00","breadcrumb":{"@id":"https:\/\/kirche-heilig-geist.de\/index.php\/kinderjugend\/#breadcrumb"},"inLanguage":"de","potentialAction":[{"@type":"ReadAction","target":["https:\/\/kirche-heilig-geist.de\/index.php\/kinderjugend\/"]}]},{"@type":"BreadcrumbList","@id":"https:\/\/kirche-heilig-geist.de\/index.php\/kinderjugend\/#breadcrumb","itemListElement":[{"@type":"ListItem","position":1,"name":"Startseite","item":"https:\/\/kirche-heilig-geist.de\/"},{"@type":"ListItem","position":2,"name":"Kinder&#038;Jugend"}]},{"@type":"WebSite","@id":"https:\/\/kirche-heilig-geist.de\/#website","url":"https:\/\/kirche-heilig-geist.de\/","name":"Evangelische Heilig Geist Gemeinde Falkensee","description":"Herzlich Willkommen in einer Kirche des Kirchenkreises Havelland","potentialAction":[{"@type":"SearchAction","target":{"@type":"EntryPoint","urlTemplate":"https:\/\/kirche-heilig-geist.de\/?s={search_term_string}"},"query-input":{"@type":"PropertyValueSpecification","valueRequired":true,"valueName":"search_term_string"}}],"inLanguage":"de"}]}</script>
<!-- / Yoast SEO plugin. -->

Der Diakonen-Dienstag Wenn ihr mich mal sucht: ihr findet mich garantiert jeden Dienstag &#8211; außer, ich bin im Urlaub oder&hellip;
